{"id":8071,"date":"2021-06-19T18:32:39","date_gmt":"2021-06-19T18:32:39","guid":{"rendered":"http:\/\/www.mbboats.dk\/shop\/?post_type=product&#038;p=8071"},"modified":"2026-02-05T19:17:55","modified_gmt":"2026-02-05T19:17:55","slug":"bf20-srtu","status":"publish","type":"product","link":"https:\/\/www.mbboats.dk\/shop\/vare\/bf20-srtu\/","title":{"rendered":"BF20 SRTU"},"content":{"rendered":"<p><strong>Motor<\/strong><br \/>\nOHC &#8211; 2 cylindre, 350 cm3, , 1 karburator m\/accelerationspumpe, Elektronisk PGM-IG (programmeret t\u00e6ndingssystem), omdrejningsinterval 5000-6000 omdr.\/min., Ydelse 20 hk (14,7 kW), tomgang , udst\u00f8dning gennem propelnav<\/p>\n<p><strong>Tank<\/strong><br \/>\n12,5 ltr. separat PVC-tank<\/p>\n<p><strong>Transmission<\/strong><br \/>\nFrem &#8211; Neutral &#8211; Bak, udveksling 2,08<\/p>\n<p><strong>Starter<\/strong><br \/>\nEl-start<\/p>\n<p><strong>Styring<\/strong><br \/>\nFjernbetjening<\/p>\n<p><strong>Ladespole<\/strong><br \/>\n12 V &#8211; 12 A<\/p>\n<p><strong>Tilt<\/strong><br \/>\nHydraulisk<\/p>\n<p><strong>Benl\u00e6ngde<\/strong><br \/>\n433 mm (S)<\/p>\n<p><strong>Ydelse<\/strong><br \/>\n20 HK<\/p>\n<p><strong>Propel<\/strong><br \/>\n9 1\/4 x 10&#8243; (4 blade)&#8221;<\/p>\n<p><strong>M\u00e5l<\/strong><br \/>\n650 mm x 350 mm x 1110 mm<\/p>\n<p><strong>V\u00e6gt<\/strong><br \/>\n58,0 kg<\/p>\n","protected":false},"excerpt":{"rendered":"<div id=\"module778_1_layoutbox18\" class=\"layoutbox\" data-ts-variant=\"1\">\n<div id=\"layout778sub1mergefield28\" class=\"layoutfieldwrapper mergefield\" data-ts-variant=\"1\">\n<div class=\"vdcontent\">\n<div class=\"section\">N\u00e5r du virkelig \u00f8nsker at lade problemerne bag dig, er BF 20 den perfekte p\u00e5h\u00e6ngsmotor for sejlads p\u00e5 Europas stille vande. Ren, lydl\u00f8s og effektiv, med med villig ydelse og kraft, n\u00e5r det beh\u00f8ves, BF 20s to cylindre tilbyder alle de fordele, der kan opn\u00e5s fra en 4-takt motor.<\/div>\n<\/div>\n<\/div>\n<\/div>\n<div id=\"module778_1_layoutbox7\" class=\"layoutbox order-popup\" data-ts-variant=\"1\" data-ts-transitionstate=\"state1\" data-responsive-transitions=\"[{'mode':0,'type':'userdefined'},{'mode':900,'type':'userdefined'},{'mode':360,'type':'userdefined'}]\" data-ts-transitiontype=\"userdefined\">\n<div id=\"module778_1_layoutbox11\" class=\"layoutbox overflow\" data-ts-variant=\"1\"><\/div>\n<\/div>\n","protected":false},"featured_media":22062,"template":"","meta":[],"product_cat":[21,31,32],"product_tag":[],"jetpack_sharing_enabled":true,"_links":{"self":[{"href":"https:\/\/www.mbboats.dk\/shop\/wp-json\/wp\/v2\/product\/8071"}],"collection":[{"href":"https:\/\/www.mbboats.dk\/shop\/wp-json\/wp\/v2\/product"}],"about":[{"href":"https:\/\/www.mbboats.dk\/shop\/wp-json\/wp\/v2\/types\/product"}],"wp:featuredmedia":[{"embeddable":true,"href":"https:\/\/www.mbboats.dk\/shop\/wp-json\/wp\/v2\/media\/22062"}],"wp:attachment":[{"href":"https:\/\/www.mbboats.dk\/shop\/wp-json\/wp\/v2\/media?parent=8071"}],"wp:term":[{"taxonomy":"product_cat","embeddable":true,"href":"https:\/\/www.mbboats.dk\/shop\/wp-json\/wp\/v2\/product_cat?post=8071"},{"taxonomy":"product_tag","embeddable":true,"href":"https:\/\/www.mbboats.dk\/shop\/wp-json\/wp\/v2\/product_tag?post=8071"}],"curies":[{"name":"wp","href":"https:\/\/api.w.org\/{rel}","templated":true}]}}