{"id":22721,"date":"2025-02-05T23:15:58","date_gmt":"2025-02-05T23:15:58","guid":{"rendered":"https:\/\/www.mbboats.dk\/shop\/?post_type=product&#038;p=22721"},"modified":"2025-02-18T20:51:30","modified_gmt":"2025-02-18T20:51:30","slug":"oernvik_410_brugt","status":"publish","type":"product","link":"https:\/\/www.mbboats.dk\/shop\/vare\/oernvik_410_brugt\/","title":{"rendered":"\u00d8rnvik 410 med Mercury 20 hk."},"content":{"rendered":"<p>Lige nu har vi denne brugte, men meget velholdte \u00d8rnvik 410 Fish til salg. Den kommer med en Mercury 20 hk. p\u00e5h\u00e6ngsmotor, og det er et fint s\u00e6t til brug som eks. fiskejolle. Pris 24.000,- kr.(inkl. motor)<br \/>\nB\u00e5den kan ses i vores udend\u00f8rs udstilling lige nu. Ring gerne p\u00e5 telefon: 7457 1486, for yderligere information.<\/p>\n","protected":false},"excerpt":{"rendered":"<p>Til salg &#8211; rigtig fin brugt \u00d8rnvik 410 med Mercury 20 hk.<\/p>\n<p>&nbsp;<\/p>\n","protected":false},"featured_media":22729,"template":"","meta":[],"product_cat":[16],"product_tag":[93,94,96,98,95,97,92],"jetpack_sharing_enabled":true,"_links":{"self":[{"href":"https:\/\/www.mbboats.dk\/shop\/wp-json\/wp\/v2\/product\/22721"}],"collection":[{"href":"https:\/\/www.mbboats.dk\/shop\/wp-json\/wp\/v2\/product"}],"about":[{"href":"https:\/\/www.mbboats.dk\/shop\/wp-json\/wp\/v2\/types\/product"}],"wp:featuredmedia":[{"embeddable":true,"href":"https:\/\/www.mbboats.dk\/shop\/wp-json\/wp\/v2\/media\/22729"}],"wp:attachment":[{"href":"https:\/\/www.mbboats.dk\/shop\/wp-json\/wp\/v2\/media?parent=22721"}],"wp:term":[{"taxonomy":"product_cat","embeddable":true,"href":"https:\/\/www.mbboats.dk\/shop\/wp-json\/wp\/v2\/product_cat?post=22721"},{"taxonomy":"product_tag","embeddable":true,"href":"https:\/\/www.mbboats.dk\/shop\/wp-json\/wp\/v2\/product_tag?post=22721"}],"curies":[{"name":"wp","href":"https:\/\/api.w.org\/{rel}","templated":true}]}}