{"id":20667,"date":"2023-03-12T17:51:32","date_gmt":"2023-03-12T17:51:32","guid":{"rendered":"http:\/\/www.mbboats.dk\/shop\/?post_type=product&#038;p=20667"},"modified":"2025-08-12T14:43:37","modified_gmt":"2025-08-12T14:43:37","slug":"whaly-270-jolle","status":"publish","type":"product","link":"https:\/\/www.mbboats.dk\/shop\/vare\/whaly-270-jolle\/","title":{"rendered":"Whaly 270 jolle"},"content":{"rendered":"<p>Whaly 270 er en robust jolle der er perfekt til sommerhuset, stranden, havnen, og hvor der ellers er et behov for en lille stabil b\u00e5d.<\/p>\n<p>Whaly b\u00e5dene er fremstillet af 100% h\u00f8j kvalitet farvefast Polyethylen, b\u00e5dene er n\u00e6rmest synkefri og uforg\u00e6ngelige. Disse b\u00e5de kr\u00e6ver n\u00e6sten ingen vedligeholdelse, og de findes i mange forskellige st\u00f8rrelser og farver, afh\u00e6ngig af hvilke behov man har.<br \/>\nMulighed for tilk\u00f8b af eks. Honda p\u00e5h\u00e6ngsmotor med forskellig ydeevne. Ring gerne for et tilbud p\u00e5 telefon: 7457 1486<\/p>\n<div>D\u00f8rk PE<\/div>\n<div>V\u00e6gt 72 kg<\/div>\n<div>Bredde 1,50 m<\/div>\n<div>L\u00e6ngde 2,70 m<\/div>\n<div>Max motor 8 hp<\/div>\n<div>Serie Whaly<\/div>\n<div>Max personer 5<\/div>\n<div>Skrogmateriale Plast<\/div>\n<div>Selvl\u00e6nsende JA<\/div>\n<div>Motorben, l\u00e6ngde Kort<\/div>\n<div>CE kategori D<\/div>\n<div>Motortype P\u00e5h\u00e6ngsmotor<\/div>\n","protected":false},"excerpt":{"rendered":"<p>Whaly 270 er en robust jolle der er perfekt til sommerhuset, stranden, havnen, og hvor der ellers er et behov for en lille stabil b\u00e5d. Whaly b\u00e5dene er fremstillet af 100% h\u00f8j kvalitet farvefast Polyethylen, b\u00e5dene er n\u00e6rmest synkefri og uforg\u00e6ngelige. Disse b\u00e5de kr\u00e6ver n\u00e6sten ingen vedligeholdelse, og de findes i mange forskellige st\u00f8rrelser og [&hellip;]<\/p>\n","protected":false},"featured_media":22202,"template":"","meta":[],"product_cat":[15,49],"product_tag":[162,52,150,51,102,50],"jetpack_sharing_enabled":true,"_links":{"self":[{"href":"https:\/\/www.mbboats.dk\/shop\/wp-json\/wp\/v2\/product\/20667"}],"collection":[{"href":"https:\/\/www.mbboats.dk\/shop\/wp-json\/wp\/v2\/product"}],"about":[{"href":"https:\/\/www.mbboats.dk\/shop\/wp-json\/wp\/v2\/types\/product"}],"wp:featuredmedia":[{"embeddable":true,"href":"https:\/\/www.mbboats.dk\/shop\/wp-json\/wp\/v2\/media\/22202"}],"wp:attachment":[{"href":"https:\/\/www.mbboats.dk\/shop\/wp-json\/wp\/v2\/media?parent=20667"}],"wp:term":[{"taxonomy":"product_cat","embeddable":true,"href":"https:\/\/www.mbboats.dk\/shop\/wp-json\/wp\/v2\/product_cat?post=20667"},{"taxonomy":"product_tag","embeddable":true,"href":"https:\/\/www.mbboats.dk\/shop\/wp-json\/wp\/v2\/product_tag?post=20667"}],"curies":[{"name":"wp","href":"https:\/\/api.w.org\/{rel}","templated":true}]}}